{"id":30,"date":"2016-05-27T00:54:30","date_gmt":"2016-05-27T00:54:30","guid":{"rendered":"http:\/\/styx.gm-net.com\/?page_id=30"},"modified":"2019-05-09T01:08:10","modified_gmt":"2019-05-09T01:08:10","slug":"buch-tipps","status":"publish","type":"page","link":"http:\/\/styx.gm-net.com\/?page_id=30","title":{"rendered":"Buch-Tipps"},"content":{"rendered":"<p>Die hier vorgestellten B\u00fccher haben mich auf die eine odere andere Art inspiriert, so dass ich sie gerne an jeden weiter empfehle, der sich einen offenen Geist bewahrt oder es plant ihn irgendwann mal zu bewahren.<\/p>\n<p>Die Links f\u00fchren meist zu Amazon. Wer dort nicht einkaufen mag, hat mein vollstes Verst\u00e4ndnis. Amazon ist nicht besser und auch nicht schlechter, als jeder andere Internetgro\u00dfh\u00e4ndler. Wer die umfangreichen Beschreibungen und Features bei Amazon praktisch findet, darf auch gerne dort einkaufen.<\/p>\n<p>Douglas Adams: Per Anhalter durch die Galaxis<br \/>\nDen Menschen ihre eigenen Unsinnigkeiten vor Augen f\u00fchren und dabei hervorragend zu unterhalten, das ist feinster britischer Humor mit Tiefgang.<\/p>\n<p>Robert Anton Wilson: Der neue Prometheus<br \/>\nWas ist der Mensch, wo kommt er her, was ist sein Potential und warum nutzt er es nicht?<\/p>\n<p>Peter Greb: GODO. Mit dem Herzen gehen.<br \/>\nVersuchen Sie es, es wird Sie erstaunen.<\/p>\n<p>Andrew Weil: Spontanheilung<br \/>\nF\u00fcr mich ein Aha-Erlebnis, das ein Umdenken zum Thema Gesundheitsindustrie bewirkte.<\/p>\n<p>Carsten P\u00f6tter: LebensNetze: Motive und Wirkungen menschlichen Handelns<br \/>\nWas tun wir uns und anderen eigentlich alles an?<\/p>\n<p>Dieter Broers: Der Matrix Code<br \/>\nNoch immer hoffe ich, dass das alles nicht wahr ist, aber ich glaube nicht dran.<\/p>\n<p>Dieter Broers: Der verratene Himmel: R\u00fcckkehr nach Eden<br \/>\nWeiterf\u00fchrendes von Dieter Broers<\/p>\n<p>George Orwell: 1984<br \/>\nEin Klassiker, den jeder gelesen haben sollte.<\/p>\n<p>Albert Camus: Die Pest<br \/>\nAn den Praktiken der Verwirrung hat sich noch immer nichts ver\u00e4ndert.<\/p>\n<p>Gerald H\u00fcther: Wie man sein Gehirn optimal nutzt<br \/>\nErkenntnisreich.<\/p>\n<p>Alice Phoebe Lou: Orbit<br \/>\nEine junge Frau mit unglaublichem Tiefgang<\/p>\n","protected":false},"excerpt":{"rendered":"<p>Die hier vorgestellten B\u00fccher haben mich auf die eine odere andere Art inspiriert, so dass ich sie gerne an jeden weiter empfehle, der sich einen offenen Geist bewahrt oder es [&hellip;]<\/p>\n","protected":false},"author":1,"featured_media":0,"parent":0,"menu_order":4,"comment_status":"closed","ping_status":"closed","template":"","meta":[],"_links":{"self":[{"href":"http:\/\/styx.gm-net.com\/index.php?rest_route=\/wp\/v2\/pages\/30"}],"collection":[{"href":"http:\/\/styx.gm-net.com\/index.php?rest_route=\/wp\/v2\/pages"}],"about":[{"href":"http:\/\/styx.gm-net.com\/index.php?rest_route=\/wp\/v2\/types\/page"}],"author":[{"embeddable":true,"href":"http:\/\/styx.gm-net.com\/index.php?rest_route=\/wp\/v2\/users\/1"}],"replies":[{"embeddable":true,"href":"http:\/\/styx.gm-net.com\/index.php?rest_route=%2Fwp%2Fv2%2Fcomments&post=30"}],"version-history":[{"count":57,"href":"http:\/\/styx.gm-net.com\/index.php?rest_route=\/wp\/v2\/pages\/30\/revisions"}],"predecessor-version":[{"id":182,"href":"http:\/\/styx.gm-net.com\/index.php?rest_route=\/wp\/v2\/pages\/30\/revisions\/182"}],"wp:attachment":[{"href":"http:\/\/styx.gm-net.com\/index.php?rest_route=%2Fwp%2Fv2%2Fmedia&parent=30"}],"curies":[{"name":"wp","href":"https:\/\/api.w.org\/{rel}","templated":true}]}}