{"id":53,"date":"2016-05-27T01:37:47","date_gmt":"2016-05-27T01:37:47","guid":{"rendered":"http:\/\/styx.gm-net.com\/?page_id=53"},"modified":"2016-07-06T00:38:22","modified_gmt":"2016-07-06T00:38:22","slug":"start","status":"publish","type":"page","link":"http:\/\/styx.gm-net.com\/?page_id=53","title":{"rendered":"styx"},"content":{"rendered":"<p>Sch\u00f6n, dass Sie sich auf meine Seite verirrt (?) haben.<\/p>\n<p>Auf diesen Seiten m\u00f6chte ich Sie anregen, selbst zu denken. Dazu sind mir viele Mittel recht. Wenn ich Sie erfreuen, erstaunen, anregen, verwirren oder ver\u00e4rgern kann, freue ich mich \u00fcber Ihr Feedback.<\/p>\n<p>Bitte teilen Sie mir Ihre Meinungen mit, die aus Ihren eigenen Gedanken und Gef\u00fchle entstanden sind. Mit dem Austausch mit anderen Menschen, entwickeln wir uns gemeinsam weiter. Ich glaube, dazu sind wir auf dieser Welt. Um zu lernen und dabei zu wachsen. Nicht um widerzuk\u00e4uen, daf\u00fcr gibt es schon die K\u00fche&#8230;<\/p>\n<p>&#8222;Glaube denen, die die Wahrheit suchen und zweifle an jenen, die sie gefunden haben.&#8220; Andr\u00e9 Schief<\/p>\n","protected":false},"excerpt":{"rendered":"<p>Sch\u00f6n, dass Sie sich auf meine Seite verirrt (?) haben. Auf diesen Seiten m\u00f6chte ich Sie anregen, selbst zu denken. Dazu sind mir viele Mittel recht. Wenn ich Sie erfreuen, [&hellip;]<\/p>\n","protected":false},"author":1,"featured_media":0,"parent":0,"menu_order":1,"comment_status":"closed","ping_status":"closed","template":"","meta":[],"_links":{"self":[{"href":"http:\/\/styx.gm-net.com\/index.php?rest_route=\/wp\/v2\/pages\/53"}],"collection":[{"href":"http:\/\/styx.gm-net.com\/index.php?rest_route=\/wp\/v2\/pages"}],"about":[{"href":"http:\/\/styx.gm-net.com\/index.php?rest_route=\/wp\/v2\/types\/page"}],"author":[{"embeddable":true,"href":"http:\/\/styx.gm-net.com\/index.php?rest_route=\/wp\/v2\/users\/1"}],"replies":[{"embeddable":true,"href":"http:\/\/styx.gm-net.com\/index.php?rest_route=%2Fwp%2Fv2%2Fcomments&post=53"}],"version-history":[{"count":10,"href":"http:\/\/styx.gm-net.com\/index.php?rest_route=\/wp\/v2\/pages\/53\/revisions"}],"predecessor-version":[{"id":135,"href":"http:\/\/styx.gm-net.com\/index.php?rest_route=\/wp\/v2\/pages\/53\/revisions\/135"}],"wp:attachment":[{"href":"http:\/\/styx.gm-net.com\/index.php?rest_route=%2Fwp%2Fv2%2Fmedia&parent=53"}],"curies":[{"name":"wp","href":"https:\/\/api.w.org\/{rel}","templated":true}]}}